 x and 192.
12
Let y(s) = 20*s - 3. Let h be y(11). Let x = h - 483. Let t be (-24)/(-30) + x/(-5). What is the greatest common factor of t and 6?
6
Suppose 4*m = 3*r + 57, -2*m = -0*r - 3*r - 33. Let s(j) = 5*j**2 - 50*j - 3. Let b be s(m). What is the greatest common divisor of 26 and b?
13
Let h be 2/(-7) - (-170)/7. Suppose -3*l = l - h. What is the highest common factor of l and 6?
6
Suppose 33024 = 46*k + 2*k. What is the highest common factor of k and 43?
43
Suppose 4*b = 8*b - 20. Let z = -60 - -110. Calculate the greatest common factor of z and b.
5
Let d(j) = -j**3 - j**2 + 11*j - 35. Let l be d(-6). Calculate the greatest common divisor of 3476 and l.
79
Suppose -3*r - 56 + 155 = 0. Let i = -8 + -12. Let n = i + r. Calculate the greatest common factor of 52 and n.
13
Let r(h) = -6*h - 33. Let j be r(-5). Let q be 39 + -4 + j + (0 - 0). What is the greatest common divisor of 24 and q?
8
Let k be 6/(0 + -1) - (-5 + 1). Let s be (k/(-3))/((-5)/(-750)). Calculate the highest common factor of s and 25.
25
Suppose 6*z - 21 = 3*z. What is the greatest common divisor of 1 and z?
1
Let b be 22/((20 + -21)*(-1)/1). What is the highest common factor of 55 and b?
11
Suppose -15*p + 16*p = 2. Suppose 0 = 4*n + 5*x - p*x - 106, -4*n = -3*x - 118. What is the greatest common divisor of 28 and n?
28
Let i(x) = x**2 - 5*x - 5. Let s be i(6). Suppose -5*r + 4*k - 3 + 30 = 0, 0 = -3*r + 4*k + 21. Let b = s + r. Calculate the greatest common factor of b and 44.
4
Let h be (20/(-12))/(20/(-3600)). What is the greatest common divisor of 140 and h?
20
Let y be 8/6 - 190/3. Let v = 26 - y. Calculate the highest common factor of 22 and v.
22
Let r be -6*(-2)/8*52. Suppose 6*d + r = 12*d. What is the greatest common divisor of d and 39?
13
Suppose -55 = -4*l + 149. Let q = l + -15. Let k = 94 + -40. Calculate the greatest common divisor of q and k.
18
Suppose -3*d - 2*d = 4*f - 46, 22 = 2*f + 2*d. Let t be (-12)/f*((-22)/4 + 1). What is the greatest common divisor of t and 18?
6
Let p(s) = -s**3 + 19*s**2 - 45*s - 3. Let m be p(16). Let d = 13 - 8. What is the highest common factor of m and d?
5
Suppose -3*n - 3*a = -0*a - 309, 0 = 4*n - 4*a - 380. What is the greatest common factor of 9 and n?
9
Let d(c) be the first derivative of 11*c**3 - c + 27. Let g be d(-1). What is the greatest common factor of g and 224?
32
Suppose 4*o + v + 146 = 0, 2*o - v = -2*v - 72. Let k = o - -154. Let y be (1*13)/(0 + 1). Calculate the highest common factor of y and k.
13
Suppose 135 = -15*s + 30*s. What is the greatest common divisor of s and 171?
9
Let i be -5 + -5 + 6 + 4. Suppose b + 4*b = p + 67, 2*b - 2*p - 22 = i. Suppose 9 - 3 = -2*d, d - 81 = -4*y. What is the greatest common divisor of b and y?
7
Suppose 2*v - 4*p = 422, -5*v + 5*p + 1045 = -0*v. Calculate the highest common factor of v and 46.
23
Let l(x) = 2*x**2 + 8*x + 8. Let y be l(-11). Calculate the greatest common divisor of y and 270.
54
Let x = -824 - -2429. What is the highest common factor of 15 and x?
15
Let v be 94/(-14) + 4/(-14). Let u be (24/(-7) - -3)*v. Suppose 2*l = u*l - 108. What is the greatest common factor of l and 12?
12
Suppose -40*y - 504 = -46*y. What is the highest common factor of 21 and y?
21
Let t be (-9)/(-4) + (-12)/(-16). Suppose 5*m = -y + 20, -5*m - 5 = -t*y - y. Suppose -m*r - r + 216 = 0. What is the highest common factor of 6 and r?
6
Suppose -4*a = 2*o - 662, 4*o - 95 = a - 283. What is the greatest common divisor of 14 and a?
14
Let u be 0 - 21/(-2)*4. What is the highest common factor of 231 and u?
21
Let r be 300/(-16) - 4/16. Let h = r - -23. Suppose -h*t - 1 + 13 = 0. What is the greatest common factor of t and 33?
3
Let c be 6/(-9*8/(-540)). Calculate the highest common factor of c and 795.
15
Let y = -11 + 30. Let w = -23 + y. Let t(b) = -51*b + 3. Let z be t(w). Calculate the highest common factor of 23 and z.
23
Suppose -5*j + t + 2 + 7 = 0, -2*t + 10 = 4*j. Let q(i) = -59*i + 595. Let l be q(10). What is the greatest common factor of j and l?
1
Let i(p) = -5*p**2 - 11*p + 3. Let z be i(12). Let m be -3 + 3/((-9)/z). Suppose -5*o - 80 = -m. What is the greatest common divisor of o and 4?
4
Let o = 190 - -100. What is the highest common divisor of o and 10?
10
Let c be ((-5)/(-15))/(2/12). Suppose u - 12 = -c*u. Suppose -36 = -v - 6*h + u*h, v = -4*h + 32. What is the greatest common factor of v and 8?
8
Let q(o) = -o**2 - o + 85. Let z be q(0). Suppose 5*j - 68 - 2 = 0. Suppose z = i - j. Calculate the greatest common factor of 9 and i.
9
Suppose -4*q + 77 - 5 = 0. Let c = -53 + 62. What is the greatest common divisor of q and c?
9
Suppose z + 28*z = 174. Calculate the highest common factor of 18 and z.
6
Let f be 2 + 0 + (-2)/(-1). Let d = -70 - -64. Let l(j) = -2*j - 4. Let x be l(d). Calculate the greatest common divisor of f and x.
4
Suppose -3*d - 6*p = -7*p - 544, 4*p - 372 = -2*d. What is the greatest common divisor of 196 and d?
14
Let i(r) = -87*r - 740. Let v be i(-15). What is the greatest common divisor of 5 and v?
5
Suppose 52*v = 56*v - 3*c - 3200, -3*c = 3*v - 2421. What is the highest common factor of 33 and v?
11
Let q(v) = v + 12. Let x be q(6). What is the highest common factor of x and 306?
18
Let k be (-4 - -34)*(7 - 1). What is the greatest common factor of k and 10?
10
Let b = -14 - 14. Let a be 0/3 + b/(-2). Let r be 622/16 - a/(-112). What is the highest common divisor of r and 26?
13
Suppose 3*f - 4 = -4*l - f, 15 = -3*f. Suppose 9*n + 18 = l*n. Let p be 3/n + (-23)/(-2). What is the greatest common divisor of 22 and p?
11
Let r(i) = -66*i - 450. Let n be r(-7). Calculate the greatest common divisor of 1284 and n.
12
Suppose 18*c - 395 = 2665. Let o be 1/3 - 58/(-6). What is the highest common factor of o and c?
10
Suppose 4 = -z + 4*o, -3*z + 2*o + 26 = z. Let k be (-4)/14 + (-3450)/(-805). Calculate the greatest common factor of k and z.
4
Suppose 5*i - 29 = -4*y, 5*y - 25 = 5*i - 0*i. Let w be (18/8)/(9/120). What is the highest common divisor of w and y?
6
Let p be 1/(-5) + 358/(-10). Let l be p*-3*(-4)/(-18). Let n = 6081 + -6021. Calculate the greatest common factor of l and n.
12
Let x be 228/5 - 1 - (-489)/(-815). What is the greatest common factor of 374 and x?
22
Let a be -2*(24 + -2 + 1). Let k = a + 198. Let t = -107 + k. What is the highest common factor of t and 18?
9
Suppose 5*x = -4*y + 1319, 5*y - 1665 = -12*x + 9*x. What is the greatest common factor of y and 14?
14
Let k(a) = -a**2 - 10*a + 10. Let b be k(-11). Let p be (b/(-3))/((-6)/(-450)). Calculate the greatest common divisor of 10 and p.
5
Let t(j) = -j**3 - 28*j**2 - 40*j - 198. Let g be t(-27). What is the greatest common factor of g and 17?
17
Let j be 5*(168/20 + -5). Let m be 153/6*(-32)/(-6). Calculate the greatest common divisor of m and j.
17
Let b be (13 + 3)/(1/((-7)/(-2))). Calculate the highest common factor of b and 504.
56
Suppose -140 - 24 = -4*o. Calculate the greatest common divisor of 533 and o.
41
Let g(k) be the first derivative of k**3/3 - 8*k - 1. Let n be g(-8). Suppose 3*m - 17 - 4 = 0. What is the greatest common divisor of m and n?
7
Let l be (-4)/14 + 58/7. Let y(q) = 8 + 5*q**2 - 5*q + 2*q**2 + q**3 - 3*q. Let b be y(-8). Calculate the greatest common divisor of l and b.
8
Suppose -7*t + 10*t - 72 = 0. Calculate the highest common factor of t and 192.
24
Suppose -11 = -h - 9. Suppose -h = -r + 3. Calculate the greatest common factor of 20 and r.
5
Let d(c) = 34*c**2 + 32. Let j be d(5). What is the greatest common factor of j and 36?
18
Suppose 4*q - q = 21. Let z(a) = -13*a - 201. Let r be z(-16). What is the greatest common divisor of r and q?
7
Let a = 51 - 27. Suppose -50*s + 228 = -204 + 132. Calculate the highest common factor of s and a.
6
Suppose 6*i = -15*i + 168. What is the greatest common factor of i and 4?
4
Suppose -t + 0*x + 38 = x, 0 = -t - 3*x + 38. Suppose 114 = -7*y + 9*y. What is the greatest common divisor of y and t?
19
Suppose 236*i - 399 = 229*i. Calculate the highest common factor of i and 6.
3
Suppose 5*q - 7*q = -6. Calculate the greatest common factor of 12 and q.
3
Suppose 82 = 3*q - 2*t, 4*t - 79 = 3*q - 171. Suppose -a + 3*a = 14. Suppose -j = 5*m + 8, -j - 2*m + 32 = -a*m. Calculate the highest common